{"version":"1.0","provider_name":"Walks in Beaujolais and South Burgundy","provider_url":"https:\/\/www.visit-beaujolais.com\/en\/","author_name":"Marie en Beaujolais","author_url":"https:\/\/www.visit-beaujolais.com\/en\/author\/lambelin-welovecamping\/","title":"Les carri\u00e8res de Glay - Walks in Beaujolais and South Burgundy","type":"rich","width":600,"height":338,"html":"<blockquote class=\"wp-embedded-content\" data-secret=\"qSxwBYcZXj\"><a href=\"https:\/\/www.visit-beaujolais.com\/en\/les-carrieres-de-glay\/\">Les carri\u00e8res de Glay<\/a><\/blockquote><iframe sandbox=\"allow-scripts\" security=\"restricted\" src=\"https:\/\/www.visit-beaujolais.com\/en\/les-carrieres-de-glay\/embed\/#?secret=qSxwBYcZXj\" width=\"600\" height=\"338\" title=\"&#8220;Les carri\u00e8res de Glay&#8221; &#8212; Walks in Beaujolais and South Burgundy\" data-secret=\"qSxwBYcZXj\" frameborder=\"0\" marginwidth=\"0\" marginheight=\"0\" scrolling=\"no\" class=\"wp-embedded-content\"><\/iframe><script type=\"text\/javascript\">\n\/* <![CDATA[ *\/\n\/*! This file is auto-generated *\/\n!function(d,l){\"use strict\";l.querySelector&&d.addEventListener&&\"undefined\"!=typeof URL&&(d.wp=d.wp||{},d.wp.receiveEmbedMessage||(d.wp.receiveEmbedMessage=function(e){var t=e.data;if((t||t.secret||t.message||t.value)&&!\/[^a-zA-Z0-9]\/.test(t.secret)){for(var s,r,n,a=l.querySelectorAll('iframe[data-secret=\"'+t.secret+'\"]'),o=l.querySelectorAll('blockquote[data-secret=\"'+t.secret+'\"]'),c=new RegExp(\"^https?:$\",\"i\"),i=0;i<o.length;i++)o[i].style.display=\"none\";for(i=0;i<a.length;i++)s=a[i],e.source===s.contentWindow&&(s.removeAttribute(\"style\"),\"height\"===t.message?(1e3<(r=parseInt(t.value,10))?r=1e3:~~r<200&&(r=200),s.height=r):\"link\"===t.message&&(r=new URL(s.getAttribute(\"src\")),n=new URL(t.value),c.test(n.protocol))&&n.host===r.host&&l.activeElement===s&&(d.top.location.href=t.value))}},d.addEventListener(\"message\",d.wp.receiveEmbedMessage,!1),l.addEventListener(\"DOMContentLoaded\",function(){for(var e,t,s=l.querySelectorAll(\"iframe.wp-embedded-content\"),r=0;r<s.length;r++)(t=(e=s[r]).getAttribute(\"data-secret\"))||(t=Math.random().toString(36).substring(2,12),e.src+=\"#?secret=\"+t,e.setAttribute(\"data-secret\",t)),e.contentWindow.postMessage({message:\"ready\",secret:t},\"*\")},!1)))}(window,document);\n\/* ]]> *\/\n<\/script>\n","thumbnail_url":"https:\/\/www.visit-beaujolais.com\/wp-content\/uploads\/2023\/06\/carriere-glay.jpg","thumbnail_width":540,"thumbnail_height":495,"description":"Les carri\u00e8res de Glay sont un des lieux o\u00f9 s\u2019est \u00e9crit l\u2019histoire du Beaujolais. C\u2019est en effet ici que fut extraite la pierre ocre qui a permis de construire les c\u00e9l\u00e8bres villages de pierres dor\u00e9es. Les carri\u00e8res ont cess\u00e9 leur activit\u00e9 au lendemain de laderni\u00e8re guerre. Des sculpteurs et des forgerons maintiennent la tradition artisanale et vous expliquent la vie..."}

Les carrières de Glay - Walks in Beaujolais and South Burgundy

<blockquote class="wp-embedded-content" data-secret="qSxwBYcZXj"><a href="https://www.visit-beaujolais.com/en/les-carrieres-de-glay/">Les carrières de Glay</a></blockquote><iframe sandbox="allow-scripts" security="restricted" src="https://www.visit-beaujolais.com/en/les-carrieres-de-glay/embed/#?secret=qSxwBYcZXj" width="600" height="338" title="&#8220;Les carrières de Glay&#8221; &#8212; Walks in Beaujolais and South Burgundy" data-secret="qSxwBYcZXj" frameborder="0" marginwidth="0" marginheight="0" scrolling="no" class="wp-embedded-content"></iframe><script type="text/javascript">
/* <![CDATA[ */
/*! This file is auto-generated */
!function(d,l){"use strict";l.querySelector&&d.addEventListener&&"undefined"!=typeof URL&&(d.wp=d.wp||{},d.wp.receiveEmbedMessage||(d.wp.receiveEmbedMessage=function(e){var t=e.data;if((t||t.secret||t.message||t.value)&&!/[^a-zA-Z0-9]/.test(t.secret)){for(var s,r,n,a=l.querySelectorAll('iframe[data-secret="'+t.secret+'"]'),o=l.querySelectorAll('blockquote[data-secret="'+t.secret+'"]'),c=new RegExp("^https?:$","i"),i=0;i<o.length;i++)o[i].style.display="none";for(i=0;i<a.length;i++)s=a[i],e.source===s.contentWindow&&(s.removeAttribute("style"),"height"===t.message?(1e3<(r=parseInt(t.value,10))?r=1e3:~~r<200&&(r=200),s.height=r):"link"===t.message&&(r=new URL(s.getAttribute("src")),n=new URL(t.value),c.test(n.protocol))&&n.host===r.host&&l.activeElement===s&&(d.top.location.href=t.value))}},d.addEventListener("message",d.wp.receiveEmbedMessage,!1),l.addEventListener("DOMContentLoaded",function(){for(var e,t,s=l.querySelectorAll("iframe.wp-embedded-content"),r=0;r<s.length;r++)(t=(e=s[r]).getAttribute("data-secret"))||(t=Math.random().toString(36).substring(2,12),e.src+="#?secret="+t,e.setAttribute("data-secret",t)),e.contentWindow.postMessage({message:"ready",secret:t},"*")},!1)))}(window,document);
/* ]]> */
</script>

Les carrières de Glay sont un des lieux où s’est écrit l’histoire du Beaujolais. C’est en effet ici que fut extraite la pierre ocre qui a permis de construire les célèbres villages de pierres dorées. Les carrières ont cessé leur activité au lendemain de ladernière guerre. Des sculpteurs et des forgerons maintiennent la tradition artisanale et vous expliquent la vie...
